of k and 54?
18
Let d be ((-24)/(-60))/(1/35). Calculate the greatest common divisor of d and 14.
14
Suppose -51 = -2*w + 5*o, -5*w + 5*o - 7 = -112. Calculate the greatest common divisor of w and 126.
18
Let l = 10 + -5. Let n be (-46)/(-10) + (-8)/(-20). Suppose 0 = 3*h + 15, -2*h = -2*z - n + 125. Calculate the greatest common factor of l and z.
5
Suppose 3*y = -5*d - 2 + 32, -4*y + 2*d + 40 = 0. What is the highest common factor of 80 and y?
10
Let h(r) = -6*r**2 + 65*r + 16. Let b be h(11). Calculate the highest common factor of b and 85.
5
Let m = -4 + -2. Let x be (-238)/(-3) - 4/m. Suppose -5*n + 3*q = -2*q - x, 2*n - 5*q - 26 = 0. Calculate the greatest common divisor of 2 and n.
2
Let v = 20 + -9. What is the greatest common divisor of v and 11?
11
Suppose 3 = -c - 3. Let z be (-4 - c) + (-3)/(-1). What is the greatest common divisor of 1 and z?
1
Let r be (-10 + -3)/(2/(-4)). Calculate the greatest common divisor of r and 39.
13
Let y be 6 + (-8 - -4) + 4. Calculate the greatest common factor of y and 3.
3
Let l be (1/(-2))/(5/(-80)). Calculate the greatest common factor of 24 and l.
8
Let a be ((-128)/12)/(-8)*156. What is the greatest common divisor of 26 and a?
26
Suppose 5*s - 81 = -21. What is the greatest common divisor of s and 8?
4
Suppose t - 2*q - 11 = -0*t, 1 = -5*t - 4*q. Suppose b + t = 11. What is the highest common factor of 24 and b?
8
Let q = 116 - 68. Suppose 0 = -2*f - 34 + 90. Let x be (24/f)/((-2)/(-28)). What is the greatest common divisor of q and x?
12
Let z be 2/8 + (-430)/(-8). Let q = 130 - z. Suppose 290 = 5*f - 2*b, -f + q = 3*b - 7*b. Calculate the greatest common divisor of f and 7.
7
Suppose -2*v = -3*v + 15. Suppose 0 = -58*z + 61*z - 270. Calculate the highest common factor of z and v.
15
Let c(u) = u**2 + 3*u - 1. Let a be c(-4). Suppose -53 - 52 = -a*i. Let x = i - 21. What is the greatest common divisor of x and 7?
7
Suppose 2*k - x = 6*k - 12, k - 3 = -4*x. Suppose k*v = 210 + 141. What is the greatest common divisor of 13 and v?
13
Let p(y) = 3*y - 7. Let l be p(6). Suppose 0 = -k - z + 1, 10*k - 5*k = z + 5. Calculate the greatest common divisor of k and l.
1
Suppose -3*d + 2 = -d. Suppose d + 7 = -4*t. Let j be (-2)/((4/85)/t). What is the highest common factor of 17 and j?
17
Let v(n) = 82*n + 2. Let d be v(2). Let j = 251 - d. What is the greatest common divisor of j and 34?
17
Suppose -8 = r + 3*m, r - 5*m - 17 = -r. Let t be (-20)/(-8) + r/(-2). Suppose -t*g + 17 = 5. Calculate the greatest common factor of g and 42.
6
Let b = -3 + 0. Let o be (2 - (6 + 0))*b. Let d = 81 + -45. What is the highest common factor of o and d?
12
Suppose 4*j = 5*j - 1265. Suppose -j = -4*v - v. Calculate the greatest common divisor of v and 23.
23
Let u(w) = 206*w + 1. Let t be u(1). What is the highest common divisor of t and 23?
23
Let w be 6 + 3/(6/4). Suppose -3*c = -4*c + w. Let p(d) = -d**2 + 7*d + 24. Let s be p(7). Calculate the highest common divisor of c and s.
8
Let q(l) = 13*l + 5. Let m be q(-4). Let t = m - -110. What is the highest common factor of t and 7?
7
Let r be (-3)/(-6)*(-144)/(-2). What is the greatest common divisor of 72 and r?
36
Let b(c) = -6*c - 3. Let g be b(-3). Let v be 2 + -2 + 102 + 3. What is the greatest common factor of g and v?
15
Let s = -282 - -466. What is the highest common divisor of s and 23?
23
Let o(t) = 8*t**2 + 13 - 83*t + 2*t**2 + t**3 + 92*t. Let b be (9/(-6))/(2/12). Let i be o(b). Calculate the greatest common factor of 52 and i.
13
Let k = 169 + 10. Suppose 3*m - k = 64. Suppose 84 = 3*f - 3*g, 3*g = 2*f + 27 - m. Calculate the greatest common divisor of f and 20.
10
Suppose -3*m + m = -34. Calculate the greatest common divisor of m and 136.
17
Suppose -5*o - 3*i + 438 = 0, -3*o + 2*i + 177 = -82. What is the greatest common divisor of 29 and o?
29
Suppose -4*c = 4*s - 2*s - 60, 3*s - 4*c = 60. What is the highest common factor of 312 and s?
24
Let d(m) be the third derivative of -m**5/60 - m**4/12 + 21*m**3/2 - 3*m**2. Let r be d(0). What is the greatest common divisor of r and 42?
21
Let m = 151 + -115. Calculate the highest common factor of 45 and m.
9
Let h(u) = 4*u + 5. Let f be h(5). Suppose -35 = -3*n + f. Calculate the highest common divisor of 160 and n.
20
Let l = 5 - -8. Let f = 90 - 51. Calculate the highest common divisor of l and f.
13
Suppose -2*d - c = -53 - 6, -4*c = -2*d + 74. Calculate the greatest common divisor of 155 and d.
31
Suppose 5*y - 2*k - 1300 = 0, 5*y - 1300 = -0*k - k. Suppose -b + 6*b - y = 0. Let v = -19 + 32. Calculate the highest common factor of v and b.
13
Let g be (-1248)/(-18) + 4/6. Calculate the greatest common divisor of 35 and g.
35
Suppose 2*d - 60 = -d. Let j = -13 + 17. Calculate the highest common factor of j and d.
4
Let x = -483 - -489. Let c(r) = -r**2 - 6*r + 3. Let u be c(-6). What is the highest common divisor of u and x?
3
Let w(h) = -18*h + 11. Let m be w(8). Let d = -73 - m. Calculate the highest common factor of d and 40.
20
Suppose -15 = u - 4*c - 3, -5*c = -5*u. Let l = -20 - -39. Suppose -43 + l = -u*d. Calculate the greatest common divisor of 6 and d.
6
Let h = -75 + 250. Calculate the highest common factor of h and 70.
35
Suppose -3*y - 289 + 67 = -3*w, 320 = 4*w + 4*y. What is the highest common factor of 7 and w?
7
Let y be 33 + (1 - (-3)/(-3)). Suppose f + y = 99. What is the highest common divisor of f and 6?
6
Let s(w) = -3*w - 24. Let m be s(-11). Calculate the highest common factor of 72 and m.
9
Let c = 1348 + -842. Calculate the greatest common divisor of c and 46.
46
Suppose 3*r - 3*v - 18 = 0, -3*r - 3 = 4*v + 7. Calculate the greatest common factor of 3 and r.
1
Let m = 12 + 36. Suppose 2*p - m = -4*x, 0*p = -p + x + 33. Calculate the greatest common divisor of 6 and p.
6
Let u(i) = -6*i**3 - 2*i**2 - 3*i - 2. Let m be u(-2). Suppose m = 4*c - 0*c. What is the highest common divisor of 99 and c?
11
Let w(h) = 2*h - 22. Let d be w(28). What is the greatest common divisor of d and 238?
34
Let a be 84/48 - 1/(-4). Calculate the greatest common factor of 6 and a.
2
Let x(o) = 3*o. Let s be x(2). Suppose -3*u - 6 = -s*u. Suppose 172 = -l + 3*l - u*m, -5*l = -3*m - 434. Calculate the highest common factor of l and 11.
11
Let w(o) = 3*o - 11 + 16 - 7 + 3*o**2. Let p be w(3). What is the greatest common divisor of 85 and p?
17
Let g = 8 + -4. Let w(o) = o**3 - o**2 + o. Let k be (-15)/(-12) + 2/(-8). Let r be w(k). Calculate the highest common factor of r and g.
1
Let f(p) = 3*p**2 + 3*p + 2. Let d be f(-1). Suppose -3*r - d*r + 70 = 0. What is the highest common divisor of r and 70?
14
Suppose 186 = 3*k + x, -4*k - 2*x - 2*x + 256 = 0. Suppose -5*t = 2*y + k, -5*y = 3*t + t + 42. Let v = -9 - t. Calculate the highest common factor of v and 10.
2
Let u be (36/(-10))/(18/(-45)). What is the greatest common factor of 27 and u?
9
Let p be 1/(((-4)/(-10))/2). Let l be (0 + -321 + 4)*-1. Suppose -2*h - l = -p*z + h, -h = -5*z + 319. Calculate the highest common factor of 16 and z.
16
Let f(t) = -t**2 + 13*t - 10. Let i be f(7). What is the greatest common factor of i and 32?
32
Let f(k) be the second derivative of -7*k**3/2 + 2*k. Let g be f(-2). Suppose -3*t + g = 3*x, 17 = 3*t - x - 5. Calculate the highest common divisor of 1 and t.
1
Let z(s) = 5*s - 6 + 2 + 5 + 4. Let q be z(4). Calculate the greatest common factor of 75 and q.
25
Suppose -c - 26 = -194. Suppose -3 = 5*u - c. Let k = 48 - u. Calculate the greatest common divisor of 165 and k.
15
Let f = 16 + -8. Suppose f = 5*r - 7. Let s be (2 - r)/((-2)/28). Calculate the greatest common factor of 14 and s.
14
Let f(d) be the second derivative of -d**2 + 1/6*d**4 + 0 + d**3 - d. Let s be f(-5). What is the highest common factor of 2 and s?
2
Suppose -v + 2*o - 3 = 7, 0 = -4*v - 2*o + 10. Suppose -2*i + 26 - 6 = v. What is the highest common divisor of 15 and i?
5
Let k(m) = m**3 + 7*m**2 + 4*m + 3. Let q be k(-6). Let r = -340 - -695. Suppose 3*x = -5*j + r, -4*j - 3 = 1. Calculate the highest common divisor of x and q.
15
Suppose 2*s = 5*s + 21. Let o = s + 32. Suppose 0 = -k + 5*a + 100 - o, -2*k = -5*a - 125. Calculate the greatest common factor of 20 and k.
10
Let o be 2/4*0/10. Let z be o/(-1) - -1 - -3. What is the highest commo